the prime factors of 87752.
2, 7, 1567
List the prime factors of 664360.
2, 5, 17, 977
What are the prime factors of 3801267?
3, 422363
List the prime factors of 284660.
2, 5, 43, 331
List the prime factors of 4478175.
3, 5, 13, 1531
List the prime factors of 3523944.
2, 3, 359, 409
List the prime factors of 787693.
37, 61, 349
What are the prime factors of 289182?
2, 3, 48197
What are the prime factors of 1187868?
2, 3, 11, 8999
List the prime factors of 1445152.
2, 45161
What are the prime factors of 193623?
3, 233, 277
What are the prime factors of 1328064?
2, 3, 6917
List the prime factors of 109693.
43, 2551
List the prime factors of 393824.
2, 31, 397
List the prime factors of 716522.
2, 239, 1499
List the prime factors of 224273.
7, 23, 199
List the prime factors of 1034033.
7, 11, 13, 1033
What are the prime factors of 412841?
11, 13, 2887
What are the prime factors of 2396?
2, 599
What are the prime factors of 408210?
2, 3, 5, 11, 1237
List the prime factors of 303966.
2, 3, 13, 433
List the prime factors of 7693817.
37, 207941
What are the prime factors of 4729239?
3, 71, 2467
What are the prime factors of 67797?
3, 31
List the prime factors of 119215.
5, 113, 211
What are the prime factors of 414277?
414277
What are the prime factors of 52971?
3, 17657
List the prime factors of 19659281.
19, 97, 10667
List the prime factors of 720731.
11, 65521
List the prime factors of 658686.
2, 3, 7, 15683
What are the prime factors of 123929?
13, 9533
List the prime factors of 33045822.
2, 3, 1835879
What are the prime factors of 41877?
3, 11, 47
List the prime factors of 565053.
3, 188351
What are the prime factors of 1657166?
2, 7, 118369
What are the prime factors of 11259643?
1039, 10837
List the prime factors of 10594888.
2, 1324361
What are the prime factors of 336973?
7, 13, 23
List the prime factors of 2930669.
7, 418667
What are the prime factors of 19117099?
857, 22307
What are the prime factors of 810075?
3, 5, 7, 1543
List the prime factors of 7988700.
2, 3, 5, 31, 859
List the prime factors of 2354496.
2, 3, 12263
What are the prime factors of 214443?
3, 23827
What are the prime factors of 56451?
3, 31, 607
List the prime factors of 2935432.
2, 37, 47, 211
List the prime factors of 6737473.
6737473
List the prime factors of 3062757.
3, 89, 11471
List the prime factors of 17893856.
2, 559183
What are the prime factors of 3198495?
3, 5, 23, 73, 127
What are the prime factors of 21554996?
2, 809, 6661
List the prime factors of 13721495.
5, 29, 173, 547
What are the prime factors of 159756?
2, 3, 13313
What are the prime factors of 4736624?
2, 19, 15581
List the prime factors of 256761.
3, 47, 607
List the prime factors of 6546667.
6546667
List the prime factors of 14477518.
2, 11, 658069
List the prime factors of 7968501.
3, 885389
What are the prime factors of 246219?
3, 82073
What are the prime factors of 36997?
36997
List the prime factors of 16374198.
2, 3, 109, 25037
What are the prime factors of 2577777?
3, 859259
What are the prime factors of 244547?
244547
List the prime factors of 405401.
405401
What are the prime factors of 556048?
2, 23, 1511
List the prime factors of 2904164.
2, 23, 31567
List the prime factors of 1753828.
2, 131, 3347
What are the prime factors of 2193390?
2, 3, 5, 24371
What are the prime factors of 1718453?
11, 29, 5387
What are the prime factors of 186302?
2, 93151
List the prime factors of 3095883.
3, 7, 157, 313
What are the prime factors of 267154?
2, 223, 599
List the prime factors of 2835793.
2835793
List the prime factors of 26188976.
2, 11, 17, 8753
What are the prime factors of 3457968?
2, 3, 61, 1181
List the prime factors of 3824770.
2, 5, 71, 5387
List the prime factors of 29453.
29453
What are the prime factors of 6832221?
3, 11, 207037
What are the prime factors of 1508509?
1508509
List the prime factors of 299499.
3, 99833
List the prime factors of 6695388.
2, 3, 7, 163
List the prime factors of 184618.
2, 7, 13187
List the prime factors of 3041567.
431, 7057
List the prime factors of 6107.
31, 197
What are the prime factors of 10304098?
2, 7, 736007
List the prime factors of 15648111.
3, 1259, 1381
What are the prime factors of 3990638?
2, 23, 86753
List the prime factors of 4301211.
3, 1433737
What are the prime factors of 33727632?
2, 3, 61, 11519
What are the prime factors of 71071?
7, 11, 13, 71
What are the prime factors of 1970074?
2, 179, 5503
What are the prime factors of 5093565?
3, 5, 43, 53, 149
List the prime factors of 2229320.
2, 5, 55733
List the prime factors of 21632306.
2, 10816153
List the prime factors of 182710.
2, 5, 11, 151
List the prime factors of 921114.
2, 3, 73, 701
What are the prime factors of 32745023?
32745023
What are the prime factors of 4835031?
3, 47, 53, 647
List the prime factors of 297076.
2, 13, 29, 197
List the prime factors of 656392.
2, 11, 7459
List the prime factors of 175778.
2, 179, 491
What are the prime factors of 1605679?
109, 14731
List the prime factors of 697660.
2, 5, 34883
What are the prime factors of 16596140?
2, 5, 11, 75437
What are the prime factors of 2268263?
2268263
List the prime factors of 14966540.
2, 5, 167, 4481
What are the prime factors of 26489790?
2, 3, 5, 23, 67, 191
List the prime factors of 220583.
11, 1823
List the prime factors of 75299.
7, 31, 347
What are the prime factors of 755180?
2, 5, 61, 619
List the prime factors of 251895.
3, 5, 7, 2399
List the prime factors of 527472.
2, 3, 11, 37
List the prime factors of 4807457.
563, 8539
What are the prime factors of 20884987?
743, 28109
List the prime factors of 134428.
2, 7, 4801
What are the prime factors of 10222821?
3, 7, 7727
List the prime factors of 3126966.
2, 3, 521161
List the prime factors of 12221004.
2, 3, 23, 44279
List the prime factors of 332027.
17, 19531
What are the prime factors of 6037654?
2, 7, 53, 79, 103
What are the prime factors of 612169?
612169
What are the prime factors of 4250807?
11, 386437
What are the prime factors of 130019?
23, 5653
What are the prime factors of 449761?
13, 29, 1193
What are the prime factors of 612521?
7, 13, 53, 127
List the prime factors of 202686.
2, 3, 11, 37, 83
What are the prime factors of 19346494?
2, 9673247
What are the prime factors of 2813938?
2, 19, 74051
What are the prime factors of 3002949?
3, 23, 89, 163
List the prime factors of 13271132.
2, 7, 149, 3181
List the prime factors of 2668329.
3, 37, 2671
List the prime factors of 17430364.
2, 7, 622513
List the prime factors of 1169481.
3, 17, 23, 997
What are the prime factors of 770602?
2, 7, 19, 2897
List the prime factors of 88569.
3, 13, 757
What are the prime factors of 7387346?
2, 37, 99829
What are the prime factors of 2090765?
5, 271, 1543
List the prime factors of 3602101.
113, 127, 251
What are the prime factors of 12696125?
5, 13, 601
What are the prime factors of 1706976?
2, 3, 5927
What are the prime factors of 298702?
2, 149351
List the prime factors of 9164741.
23, 398467
List the prime factors of 1845288.
2, 3, 8543
What are the prime factors of 417284?
2, 7, 2129
List the prime factors of 3148662.
2, 3, 11, 4337
List the prime factors of 782821.
13, 60217
What are the prime factors of 499211?
499211
What are the prime factors of 4405261?
7, 17, 37019
What are the prime factors of 136712?
2, 23, 743
List the prime factors of 476637.
3, 7, 22697
List the prime factors of 2560530.
2, 3, 5, 7, 89, 137
List the prime factors of 926763.
3, 19, 71, 229
What are the prime factors of 20790164?
2, 167, 31123
List the prime factors of 8086574.
2, 4043287
List the prime factors of 4449971.
17, 19, 23, 599
List the prime factors of 480986.
2, 11, 21863
What are the prime factors of 6696187?
29, 233, 991
What are the prime factors of 766691?
101, 7591
What are the prime factors of 44922?
2, 3, 7487
What are the prime factors of 175330?
2, 5, 89, 197
List the prime factors of 742129.
137, 5417
What are the prime factors of 4121357?
31, 132947
List the prime factors of 11039874.
2, 3, 19, 113, 857
List the prime factors of 1179369.
3, 131041
List the prime factors of 673616.
2, 42101
List the prime factors of 4277089.
37, 115597
List the prime factors of 8633140.
2, 5, 431657
List the prime factors of 11181869.
17, 97, 6781
List the prime f